 - k, 4*g - 3*b - 5 = 0. What is the tens digit of 1/g + 543/6?
9
Let g = 21347 + -5925. What is the thousands digit of g?
5
Let k(a) = 6*a - 9. Let q be k(1). What is the tens digit of -1*(-7095)/(-22)*4/q?
3
Suppose -3*t - 54*q + 13 = -50*q, -t + 16 = -q. Suppose 2306 = 13*k - t*k + 2*p, 0 = -p. What is the tens digit of k?
5
What is the units digit of 78568 + 110/(-10) + 15?
2
Let o = -825 + 825. Let d(b) = b - 91. Let p(i) = i - 91. Let h(y) = -5*d(y) + 4*p(y). What is the units digit of h(o)?
1
Let n(u) be the second derivative of u**5/5 - 5*u**4/12 - 11*u**3/6 + 45*u**2/2 - 49*u. What is the units digit of n(6)?
3
Let z(r) = 5*r**2 + 12*r - 15. Let t be z(-9). Suppose -t = -3*c + 3*u, -3*u - 28 = -2*c + 165. What is the units digit of c?
9
Suppose -j = -0*j - 47. Let z be (-22)/33 - 12432/(-72). Let h = z - j. What is the units digit of h?
5
Suppose 3*j + 40 = k, 2*k + 3 = 3*j + 68. Suppose -k*y + 21*y = -4. What is the tens digit of (-1 - (y - 0)) + 43?
4
Let u = 88 - 51. Suppose 3*l + u = 28. What is the tens digit of 2 + 1 + l - -145?
4
Let i be 6095 + 9 + -6 + 6. Suppose 0 = -30*t + 22*t + i. What is the units digit of t?
3
Suppose -3*a - 10*w + 8*w = -2272, 7*w = -28. What is the units digit of (-2430)/(-75)*a/12?
2
Let h(j) = 2*j**2 - 4*j - 1. Let a be h(4). Suppose 497 = a*d - 538. What is the units digit of d?
9
Let p(s) = -2*s - 72. Let y be p(-29). Let c be -2 - 3/(-1) - 9. What is the units digit of y*(-1 + c/4)?
2
Suppose 299*u - 65 = 294*u. Suppose -4*o + 23 = -a, 8*a - 25 = -2*o + u*a. What is the units digit of o?
5
Suppose 0 = -5*w - 3*u + 2232, -2*w = -7*w + 2*u + 2237. Let s = w + -303. Suppose -6*v + n + s = -2*v, -2*v - 5*n = -72. What is the tens digit of v?
3
Let n be 1/((8/(-156))/(2416/(-12))). Let v = n - 2189. What is the tens digit of v?
3
Suppose 2*c + t - 6*t = 29052, -c - 4*t + 14487 = 0. What is the ten thousands digit of c?
1
Let i be ((-534)/(-9))/(4 - (-318)/(-81)). Let k = i - 485. What is the units digit of k?
6
Let g be 164/(4*5/130). Suppose g = 4*h + 66. Suppose -3*i + 2*k = -h, k - 269 = -5*i + 126. What is the units digit of i?
0
Let l = -25749 - -38588. What is the thousands digit of l?
2
Suppose o = 3*x + 30, 0 = -o + 2*x + 3*x + 30. Suppose -4*a + o = a. Suppose -3*s + 156 = a. What is the units digit of s?
0
Let s(o) = 25*o**3 + 2*o**2 + o + 1. Let l be s(-2). Let d = l - -555. What is the tens digit of d?
6
Suppose -10*g + 59953 - 3643 = 0. What is the units digit of g?
1
What is the tens digit of (((-2142)/(-234) - 9) + (-464)/(-26))*67?
0
Let g(s) = -9*s + 76. Let u be g(6). Suppose -u*m = 653 - 5383. What is the hundreds digit of m?
2
Let k = -4169 - -7577. Suppose -4*t = -4*y + k, -3*t - 3406 = -3*y - y. What is the hundreds digit of y?
8
Let t(p) be the second derivative of 10/3*p**3 + 2*p**2 + 0 + 19*p. What is the hundreds digit of t(7)?
1
Let u(r) = -r**2 + 19*r - 17. Let x be u(18). Suppose i + y - 4 = 73, -4*i + 309 = 3*y. What is the units digit of i/x - (13 + -10)?
5
What is the hundreds digit of (-6)/21 + (10656287/581 - (-2)/2)?
3
What is the units digit of ((-107)/(-2))/((-69)/(-276))?
4
Suppose -141*j = -92*j - 29517 - 1884864. What is the tens digit of j?
6
Let l be (-120)/64*(-4)/(-10)*-2792. Let b = -1156 + l. What is the hundreds digit of b?
9
Let n = 140 + -137. Suppose n*p = 3*s - 2145, -5*p + 6*p = -3*s + 2125. What is the hundreds digit of s?
7
What is the thousands digit of (-15)/(-12)*(-364)/(-455)*30401?
0
Suppose -44*t + 116800 = 13400. What is the tens digit of t?
5
Let c(n) = n**3 - 2*n - 3. Let h be c(-2). Let r(z) = 2*z + 10. Let p be r(h). What is the units digit of (-32)/(-4) - p - 4?
8
Let k = 23744 - 11762. What is the tens digit of k?
8
Let i = -337 - -330. What is the tens digit of 5/(-25)*-6245 + i?
4
Let m be (-1)/(1592/(-792) - 1*-2). Let p = m + -95. What is the units digit of p?
4
Let x be (-5829)/12 - (-27)/36. Let d = x - -1023. Let a = -304 + d. What is the tens digit of a?
3
Let k = -49 - -76. Suppose -k*y = -24*y - 243. What is the tens digit of y?
8
Suppose -10*g + 6426 = -7*g. Let i = g - 1246. What is the units digit of i?
6
Suppose 0 = 4*b - 3*k - 193, -3*b + 224 = 2*b + 2*k. Suppose 43*n - b*n + 1104 = 0. What is the hundreds digit of n?
3
Suppose 5*f = 2*v + 34, -2*v = 4*f - f - 14. Suppose w + 2*w = f. What is the tens digit of (-1)/(-2)*(w + -3 + 53)?
2
Suppose -1395 = -5*i - 265. Suppose -i = 3*m + 71. Let p = -42 - m. What is the tens digit of p?
5
Let l = 110 - 76. Suppose 3*t = 5*p - l, -2*p + 9*t - 10*t + 7 = 0. Let d(f) = 8*f + 55. What is the tens digit of d(p)?
9
Let n be 1/((1/12)/(16/24)). Let d be 28/(-10) + n/10. What is the hundreds digit of ((-9)/(-27))/(d - 739/(-369))?
1
Let k(f) = f**2 + 10*f + 11. Let a be k(-8). What is the tens digit of (-1375)/a + 5 + -1?
7
Let w = 660 - 658. What is the thousands digit of 3644/3 + w/(18/3)?
1
Let t(y) = 23*y + 37*y - 8 - 94*y. Suppose 0 = -4*z + 3*z - 2*h + 6, -3*z - 2 = h. What is the tens digit of t(z)?
6
Suppose -3*v - 2*i = -40988, 4*i - 5*i - 2 = 0. What is the hundreds digit of v?
6
Let d(j) = 439*j**2 + 3*j - 1. Let z(o) = o**2 - 5*o + 1. Let i be z(5). What is the units digit of d(i)?
1
Let g = -99 + 111. What is the units digit of (g/(-10))/(24/(-1680))?
4
Suppose -2*n - 16 = -20. Let t be (-2)/8 - (-68)/16. Suppose 0 = -5*c + n*i - 3*i + 818, t*i + 803 = 5*c. What is the units digit of c?
3
Suppose -10*k + 0*k = -50. What is the units digit of (48 - k)/(2/2)?
3
Let f = 13811 + -5234. What is the units digit of f?
7
Let b(t) = t - 912. Let g be b(0). Let q = g + 1409. What is the units digit of q?
7
Let b(i) = -i**2 + 62*i - 439. What is the tens digit of b(30)?
2
Let m(h) = -3*h**2 + 6*h - 13. Let c be m(5). Let a = 61 + c. What is the units digit of (1/a)/(3 + 1034/(-345))?
5
Suppose 11960 = 40*o + 2200. What is the units digit of o?
4
Let f = -20 - -20. What is the units digit of ((-33)/(-5) + f + 0)*55?
3
Let y(j) = -2*j**2 + 15*j + 30. Let f be y(-6). Let w = 106 - f. What is the hundreds digit of w?
2
Let v(p) = -p**2 - 4*p - 2. Let i be v(-2). Suppose -3 - i = -l. Suppose -l*b + 10*b - 320 = 0. What is the units digit of b?
4
Suppose 39390 = 4*y - 5*j, 39*y - 42*y - 4*j + 29589 = 0. What is the units digit of y?
5
Let m(a) = 2*a**2 + a - 11. Let j be m(-3). Suppose -4*l = j, 0*y = -5*y + 3*l + 3058. What is the tens digit of y?
1
Suppose -2*y - w = -1279, 51*y = 56*y - 5*w - 3220. What is the hundreds digit of y?
6
What is the thousands digit of -24 - ((-28 - 28973) + 16)?
8
Let c = -22 - -26. Suppose -c*m + 79 = -45. Suppose 5*g + j = 97, 6*g - m = 4*g - 3*j. What is the units digit of g?
0
Suppose -6*h = 9*h - 1920. Let c = h + -40. What is the units digit of c?
8
Suppose -5*m = x - 196, 3*m + 3 = 12. Suppose l - 651 = x. What is the hundreds digit of l?
8
Let k(d) = d + 12*d + 7*d + 49. Suppose -3*v - 20 = 5*q, -56 + 3 = -5*v + 4*q. What is the units digit of k(v)?
9
Let j = 35431 - 21783. What is the hundreds digit of j?
6
Suppose 4*z = 4*b - 110200, 7*z - 2*z = -5. What is the thousands digit of b?
7
Let j = 15617 - 9177. What is the tens digit of j?
4
Suppose -2*g - 26 = -6*n + n, -4*n - 3*g + 7 = 0. What is the units digit of n/3*(-879)/(-2)?
6
What is the thousands digit of (142/(-639))/(2/(-66186))?
7
Let d(n) = -n**3 - 9*n**2 + 18*n + 34. Suppose 12*k + 191 = 35. What is the tens digit of d(k)?
7
Suppose 32*j - 24*j + 20*j = 127988. What is the thousands digit of j?
4
Let b(n) = 635*n - 3235. What is the units digit of b(56)?
5
Suppose -8*v + 3*h + 87 = -11*v, -2*h = -v - 20. What is the tens digit of 250/2 + 22 + v?
2
Suppose 17*t = 20*t + 3*a - 16068, 0 = -5*t - 2*a + 26777. What is the hundreds digit of t?
3
Let z(b) = 3*b**3 - 6*b**2 - 37*b - 12. Let r be z(-5). Let o = r - -595. What is the hundreds digit of o?
2
Suppose 44471 = 3*p - l, 13*l = -5*p + 18*l + 74135. What is the hundreds digit of p?
8
What is the tens digit of (-19140)/(-725)*(-1555)/(-2)?
2
Let u(c) be the third derivative of -c**6/24 + c**5/60 - 7*c**4/4 - 104*c**3/3 - c**2 - 76*c. What is the tens digit of u(-6)?
6
Let c be 18/(-42) + 9/21. Suppose -w + 4 - 9 = 0, -4*y + 4*w + 312 = c. What is the units digit of y?
3
What is the tens digit of (-137)/(58758/6531 - 9)?
0
Suppose 29